{"id":165915,"date":"2026-01-15T17:57:03","date_gmt":"2026-01-15T16:57:03","guid":{"rendered":"https:\/\/keyshop.windowsandoffice.com\/italy\/?post_type=product&#038;p=165915"},"modified":"2026-01-30T03:09:21","modified_gmt":"2026-01-30T02:09:21","slug":"microsoft-windows-11-professional-microsoft-visio-2024-professional-licenza-per-3-pc","status":"publish","type":"product","link":"https:\/\/keyshop.windowsandoffice.com\/italy\/product\/microsoft-windows-11-professional-microsoft-visio-2024-professional-licenza-per-3-pc\/","title":{"rendered":"Microsoft Windows 11 Professional + Microsoft Visio 2024 Professional Licenza per 3 PC"},"content":{"rendered":"<h2 class=\"AnswerParser_AnswerParserH4__ghxg8\">Requisiti di Sistema<\/h2>\n<p><span class=\"AnswerParser_TextContainer__z_Iiv\" data-testid=\"youchat-text\">Assicurati di essere pronto per il nuovo e straordinario sistema operativo di Microsoft!<\/span><span class=\"AnswerParser_TextContainer__z_Iiv\" data-testid=\"youchat-text\">Questi sono i requisiti minimi per installare Microsoft Windows 11 su un PC. Se il tuo dispositivo non soddisfa questi requisiti, potresti non essere in grado di installare Microsoft Windows 11. Se non sei sicuro se il tuo PC soddisfi questi requisiti, puoi utilizzare l&#8217;app PC Health Check per valutare la compatibilit\u00e0 (richiede Microsoft Windows 10, clicca qui per scaricare).<\/span><\/p>\n<p><span class=\"AnswerParser_TextContainer__z_Iiv\" data-testid=\"youchat-text\"><strong>Processore:<\/strong>\u00a01 gigahertz (GHz) o pi\u00f9 veloce con 2 o pi\u00f9 core su un processore compatibile a 64 bit o System on a Chip (SoC)<br \/>\n<strong>RAM:<\/strong>\u00a04 gigabyte (GB)<br \/>\n<strong>Archiviazione:<\/strong>\u00a064 GB o dispositivo di archiviazione pi\u00f9 grande<br \/>\nNota: Vedi sotto &#8220;Ulteriori informazioni sullo spazio di archiviazione per mantenere Microsoft Windows 11 aggiornato&#8221; per ulteriori dettagli.<\/span><span class=\"AnswerParser_TextContainer__z_Iiv\" data-testid=\"youchat-text\"><strong>Firmware di sistema:<\/strong>\u00a0UEFI, compatibile con Secure Boot<br \/>\n<strong>TPM:<\/strong>\u00a0Trusted Platform Module (TPM) versione 2.0<br \/>\n<strong>Scheda grafica:<\/strong>\u00a0Compatibile con DirectX 12 o versioni successive con driver WDDM 2.0<br \/>\n<strong>Display:<\/strong>\u00a0Schermo ad alta definizione (720p) che misura pi\u00f9 di 9\u201d in diagonale, 8 bit per canale colore<br \/>\n<strong>Connessione a Internet e account Microsoft:<\/strong><\/span><span class=\"AnswerParser_TextContainer__z_Iiv\" data-testid=\"youchat-text\">La versione Home di Microsoft Windows 11 richiede connettivit\u00e0 a Internet e un account Microsoft per completare la configurazione del dispositivo al primo utilizzo.<\/span><span class=\"AnswerParser_TextContainer__z_Iiv\" data-testid=\"youchat-text\">Passare un dispositivo da Microsoft Windows 11 Home in modalit\u00e0 S richiede anche connettivit\u00e0 a Internet.<\/span><span class=\"AnswerParser_TextContainer__z_Iiv\" data-testid=\"youchat-text\">Per tutte le edizioni di Microsoft Windows 11, l&#8217;accesso a Internet \u00e8 necessario per eseguire aggiornamenti e per scaricare e sfruttare alcune funzionalit\u00e0. Un account Microsoft \u00e8 richiesto per alcune funzionalit\u00e0.<\/span><span class=\"AnswerParser_TextContainer__z_Iiv\" data-testid=\"youchat-text\">Potrebbero esserci requisiti aggiuntivi nel tempo per gli aggiornamenti, cos\u00ec come requisiti per attivare specifiche funzionalit\u00e0 all&#8217;interno del sistema operativo.<\/span><span class=\"AnswerParser_TextContainer__z_Iiv\" data-testid=\"youchat-text\">Al alcune funzionalit\u00e0 in Microsoft Windows 11 hanno requisiti aumentati oltre a quelli elencati sopra nella sezione dei requisiti minimi. Di seguito sono riportati alcuni dettagli aggiuntivi riguardanti i requisiti per le funzionalit\u00e0 chiave:<\/span><\/p>\n<ul>\n<li class=\"AnswerParser_ListItem__XqLOV\">Il supporto 5G richiede un modem compatibile con 5G.<\/li>\n<li class=\"AnswerParser_ListItem__XqLOV\">Auto HDR richiede un monitor HDR.<\/li>\n<li class=\"AnswerParser_ListItem__XqLOV\">BitLocker to Go richiede un&#8217;unit\u00e0 flash USB (disponibile nelle edizioni Microsoft Windows 7 Pro e superiori).<\/li>\n<li class=\"AnswerParser_ListItem__XqLOV\">Client Hyper-V richiede un processore con capacit\u00e0 di traduzione degli indirizzi di secondo livello (SLAT) (disponibile nelle edizioni Microsoft Windows Pro e superiori).<\/li>\n<li class=\"AnswerParser_ListItem__XqLOV\">Cortana richiede un microfono e un altoparlante ed \u00e8 attualmente disponibile su Microsoft Windows 11 per Australia, Brasile, Canada, Cina, Francia, Germania, India, Italia, Giappone, Messico, Spagna, Regno Unito e Stati Uniti.<\/li>\n<li class=\"AnswerParser_ListItem__XqLOV\">DirectStorage richiede un SSD NVMe per memorizzare e eseguire giochi che utilizzano il driver &#8220;Standard NVM Express Controller&#8221; e una GPU DirectX12 con supporto Shader Model 6.0.<\/li>\n<li class=\"AnswerParser_ListItem__XqLOV\">DirectX 12 Ultimate \u00e8 disponibile con giochi e chip grafici supportati.<\/li>\n<li class=\"AnswerParser_ListItem__XqLOV\">La presenza richiede un sensore in grado di rilevare la distanza umana dal dispositivo o l&#8217;intento di interagire con il dispositivo.<\/li>\n<li class=\"AnswerParser_ListItem__XqLOV\">Conferenze video intelligenti richiedono una videocamera, un microfono e un altoparlante (uscita audio).<\/li>\n<li class=\"AnswerParser_ListItem__XqLOV\">L&#8217;assistente vocale multiplo (MVA) richiede un microfono e un altoparlante.<\/li>\n<li class=\"AnswerParser_ListItem__XqLOV\">I layout a tre colonne richiedono uno schermo che abbia 1920 pixel effettivi o pi\u00f9 in larghezza.<\/li>\n<li class=\"AnswerParser_ListItem__XqLOV\">Disattivare\/riattivare dall&#8217;area di notifica richiede una videocamera, un microfono e un altoparlante (uscita audio). L&#8217;app deve essere compatibile con la funzionalit\u00e0 per abilitare la disattivazione\/riattivazione globale.<\/li>\n<li class=\"AnswerParser_ListItem__XqLOV\">Il suono spaziale richiede hardware e software di supporto.<\/li>\n<li class=\"AnswerParser_ListItem__XqLOV\">Teams richiede una videocamera, un microfono e un altoparlante (uscita audio).<\/li>\n<li class=\"AnswerParser_ListItem__XqLOV\">Il touch richiede uno schermo o un monitor che supporti il multi-touch.<\/li>\n<li class=\"AnswerParser_ListItem__XqLOV\">L&#8217;autenticazione a due fattori richiede l&#8217;uso di un PIN, biometrico (lettore di impronte digitali o fotocamera a infrarossi illuminata) o un telefono con capacit\u00e0 Wi-Fi o Bluetooth.<\/li>\n<li class=\"AnswerParser_ListItem__XqLOV\">La digitazione vocale richiede un PC con un microfono.<\/li>\n<li class=\"AnswerParser_ListItem__XqLOV\">Risveglio vocale richiede un modello di alimentazione Modern Standby e un microfono.<\/li>\n<li class=\"AnswerParser_ListItem__XqLOV\">Wi-Fi 6E richiede nuovo hardware WLAN IHV e driver e un AP\/router compatibile con Wi-Fi 6E.<\/li>\n<li class=\"AnswerParser_ListItem__XqLOV\">Microsoft Windows Hello richiede una fotocamera configurata per l&#8217;imaging a infrarossi vicino (IR) o un lettore di impronte digitali per l&#8217;autenticazione biometrica. I dispositivi senza sensori biometrici possono utilizzare Microsoft Windows Hello con un PIN o una chiave di sicurezza portatile compatibile con Microsoft.<\/li>\n<li class=\"AnswerParser_ListItem__XqLOV\">Microsoft Windows Microsoft Projection richiede un adattatore di visualizzazione che supporti il modello di driver di visualizzazione Microsoft Windows (WDDM) 2.0 e un adattatore Wi-Fi che supporti Wi-Fi Direct.<\/li>\n<li class=\"AnswerParser_ListItem__XqLOV\">L&#8217;app Xbox richiede un account Xbox Live, che non \u00e8 disponibile in tutte le regioni. Consulta Xbox Live Paesi e Regioni per le informazioni pi\u00f9 aggiornate sulla disponibilit\u00e0. Alcune funzionalit\u00e0 nell&#8217;app Xbox richiederanno un abbonamento attivo a Xbox Game Pass. Scopri di pi\u00f9 sul pass.<\/li>\n<\/ul>\n<h2 class=\"AnswerParser_AnswerParserH4__ghxg8\">Microsoft Visio 2024 Professionale<\/h2>\n<p><span class=\"AnswerParser_TextContainer__z_Iiv\" data-testid=\"youchat-text\">Con Microsoft Visio 2024, \u00e8 pi\u00f9 facile che mai per individui e team creare e condividere diagrammi professionali e versatili per tutte le esigenze. Include forme, modelli e stili aggiornati, oltre a una nuova barra di ricerca intuitiva e un aspetto e una sensazione aggiornati che offrono un&#8217;esperienza utente familiare allineata con altre applicazioni di Office.<\/span><span class=\"AnswerParser_TextContainer__z_Iiv\" data-testid=\"youchat-text\">In Microsoft Visio 2024, troverai ancora tutte le funzionalit\u00e0 a cui sei abituato, e ne otterrai alcune nuove:<\/span><\/p>\n<ul>\n<li class=\"AnswerParser_ListItem__XqLOV\">Microsoft Visio 2024 ha ancora pi\u00f9 forme, stencil e modelli per aiutarti a creare i tuoi diagrammi in meno tempo.<\/li>\n<li class=\"AnswerParser_ListItem__XqLOV\">Un aspetto aggiornato con un effetto di trasparenza moderno applicato dietro la tela e i menu conferisce a Visio 2024 un aspetto pi\u00f9 moderno e elegante.<\/li>\n<li class=\"AnswerParser_ListItem__XqLOV\">Visio 2024 presenta il nuovo tema e schema di colori di Office 2024, incluso il Dark Mode, un&#8217;interfaccia personalizzabile e miglioramenti per l&#8217;accessibilit\u00e0.<\/li>\n<li class=\"AnswerParser_ListItem__XqLOV\">La ricerca in Visio \u00e8 ora disponibile nella barra del titolo, rendendola pi\u00f9 accessibile.<\/li>\n<li class=\"AnswerParser_ListItem__XqLOV\">Strumenti di analisi dei processi migliorati come Blocchi Dinamici per analizzare i processi aziendali e visualizzare i flussi di dati.<\/li>\n<\/ul>\n<p><strong>Assistenza:<\/strong><\/p>\n<p class=\" translation-block\">Per qualsiasi domanda, non esitare a contattarci all&#8217;indirizzo <a href=\"mailto:italy@windowsandoffice.com\" target=\"_self\" rel=\"noopener\">italy@windowsandoffice.com<\/a>. Il nostro servizio clienti \u00e8 disponibile 7 giorni su 7, 24 ore su 24.<\/p>\n","protected":false},"excerpt":{"rendered":"<ul>\n<li>Microsoft Windows 11 Professional licenza per 3 dispositivi<\/li>\n<li>Microsoft Visio 2024 Professional licenza per 3 dispositivi<\/li>\n<li><strong>Con questa licenza, il software pu\u00f2 essere attivato su 3 dispositivi diversi, ad esempio PC di casa, notebook e PC di lavoro.<\/strong><\/li>\n<li>Versione per sistemi a 32 e 64 bit, versioni complete illimitate del software<\/li>\n<li>Consegna tramite e-mail: codice prodotto, istruzioni, link per il download, fattura<\/li>\n<li>Download immediato!<\/li>\n<li>Nessun limite di tempo, nessun abbonamento<\/li>\n<li>Supporto gratuito 24 ore su 24, 7 giorni su 7 per problemi con installazione e attivazione<\/li>\n<li>Nessuna consegna su archiviazione dati (USB, CD, ecc.)<\/li>\n<li>Attivazione online e telefonica<\/li>\n<li>Lingue: inglese, spagnolo, italiano, tedesco, francese<\/li>\n<li><strong><span style=\"color: #008000;\">Questo prodotto \u00e8 compatibile con Microsoft Windows..<\/span><\/strong><\/li>\n<li><strong><span style=\"color: #ff0000;\">NON compatibile con Apple macOS\u2122, processori Apple, Parallels per Mac, dispositivi Android e Chromebook.<\/span><\/strong><\/li>\n<li><\/li>\n<\/ul>\n","protected":false},"featured_media":100000118179,"comment_status":"closed","ping_status":"closed","template":"","meta":{"_acf_changed":false},"product_brand":[],"product_cat":[264,246,259,319,315,320,41],"product_tag":[318,321],"class_list":{"0":"post-165915","1":"product","2":"type-product","3":"status-publish","4":"has-post-thumbnail","6":"product_cat-combo","7":"product_cat-microsoft-office","8":"product_cat-microsoft-windows","9":"product_cat-popular","10":"product_cat-visio","11":"product_cat-windows-11","12":"product_cat-windows-desktop","13":"product_tag-office","14":"product_tag-windows-11","16":"first","17":"instock","18":"sale","19":"featured","20":"virtual","21":"taxable","22":"purchasable","23":"product-type-simple"},"acf":[],"_links":{"self":[{"href":"https:\/\/keyshop.windowsandoffice.com\/italy\/wp-json\/wp\/v2\/product\/165915","targetHints":{"allow":["GET"]}}],"collection":[{"href":"https:\/\/keyshop.windowsandoffice.com\/italy\/wp-json\/wp\/v2\/product"}],"about":[{"href":"https:\/\/keyshop.windowsandoffice.com\/italy\/wp-json\/wp\/v2\/types\/product"}],"replies":[{"embeddable":true,"href":"https:\/\/keyshop.windowsandoffice.com\/italy\/wp-json\/wp\/v2\/comments?post=165915"}],"wp:featuredmedia":[{"embeddable":true,"href":"https:\/\/keyshop.windowsandoffice.com\/italy\/wp-json\/"}],"wp:attachment":[{"href":"https:\/\/keyshop.windowsandoffice.com\/italy\/wp-json\/wp\/v2\/media?parent=165915"}],"wp:term":[{"taxonomy":"product_brand","embeddable":true,"href":"https:\/\/keyshop.windowsandoffice.com\/italy\/wp-json\/wp\/v2\/product_brand?post=165915"},{"taxonomy":"product_cat","embeddable":true,"href":"https:\/\/keyshop.windowsandoffice.com\/italy\/wp-json\/wp\/v2\/product_cat?post=165915"},{"taxonomy":"product_tag","embeddable":true,"href":"https:\/\/keyshop.windowsandoffice.com\/italy\/wp-json\/wp\/v2\/product_tag?post=165915"}],"curies":[{"name":"wp","href":"https:\/\/api.w.org\/{rel}","templated":true}]}}