{"id":165784,"date":"2026-01-15T17:56:06","date_gmt":"2026-01-15T16:56:06","guid":{"rendered":"https:\/\/keyshop.windowsandoffice.com\/italy\/?post_type=product&#038;p=165784"},"modified":"2026-01-16T07:56:09","modified_gmt":"2026-01-16T06:56:09","slug":"microsoft-office-2013-professional-plus-licenza-per-3pc","status":"publish","type":"product","link":"https:\/\/keyshop.windowsandoffice.com\/italy\/product\/microsoft-office-2013-professional-plus-licenza-per-3pc\/","title":{"rendered":"Microsoft Office 2013 Professional Plus Licenza per 3PC"},"content":{"rendered":"<p><strong>Con questa licenza il software pu\u00f2 essere attivato su 3 dispositivi diversi, ad esempio il PC di casa, il notebook e il PC di lavoro.<\/strong><\/p>\n<p><strong>Garanzia di sostituzione a vita!!!<\/strong><\/p>\n<p>Con i programmi inclusi, Microsoft Office 2013 Professional Plus soddisfa tutte le esigenze di un ampio software per ufficio. Che tu stia creando lettere tipo, gestendo dati aziendali e fogli di calcolo, progettando presentazioni, creando database o organizzando le tue email per i tuoi progetti aziendali e privati, tutto\u00a0pu\u00f2 essere fatto in pochissimo tempo con le applicazioni di Microsoft Office.<\/p>\n<h4>Quali programmi sono inclusi in Microsoft Office 2013 Professional Plus?<\/h4>\n<ul>\n<li style=\"list-style-type: none;\">\n<ul>\n<li><strong>Word 2013<\/strong> \u2013 per la creazione e la modifica dei tuoi testi e documenti<\/li>\n<li><strong>Excel 201<\/strong>3 \u2013 per l&#8217;elaborazione di record di dati in forma tabellare<\/li>\n<li><strong>PowerPoint 2013<\/strong> \u2013 per la creazione di presentazioni stimolanti<\/li>\n<li><strong>Outlook 2013<\/strong> \u2013 per la gestione di e-mail, contatti, pianificazioni e attivit\u00e0<\/li>\n<li><strong>OneNote 2013<\/strong> \u2013 per creare e gestire le tue note<\/li>\n<li><strong>Publisher 2013<\/strong> \u2013 per creare facilmente pubblicazioni dall&#8217;aspetto professionale<\/li>\n<li><strong>Access 2013<\/strong> \u2013 per la creazione di database con accesso a Internet<\/li>\n<\/ul>\n<\/li>\n<\/ul>\n<p>Microsoft fa ampio uso del cloud in Microsoft Office 2013. La suite consente agli utenti di salvare i documenti direttamente nel servizio cloud SkyDrive di Microsoft. Attraverso questa funzione, un utente pu\u00f2 accedere a un computer su cui non \u00e8 installato il software Microsoft Office e utilizzare i componenti Web Microsoft Office di Microsoft per accedere, modificare e condividere un documento. La versione 2013 della suite non richiede componenti software aggiuntivi, il che rendeva il processo ingombrante nelle versioni precedenti.<\/p>\n<p>Microsoft ha apportato alcuni graditi miglioramenti agli elementi software specifici nella sua suite Microsoft Office. Tra i miglioramenti di Word 2013 c&#8217;\u00e8 la possibilit\u00e0 di aprire documenti PDF direttamente da Word e modificarli, il che pu\u00f2 essere un vero risparmio di tempo. Pu\u00f2 anche ridisporre attivamente il testo attorno a immagini o immagini video mentre l&#8217;utente digita. Word viene fornito anche con Simple Markup, una nuova opzione di revisione che offre agli utenti una visione chiara e semplice di un documento, ma ha ancora indicatori per annotare le modifiche rilevate.<\/p>\n<h4>Cosa c&#8217;\u00e8 di pi\u00f9?<\/h4>\n<p>Il software fornisce anche un pulsante di risposta per i commenti, consentendo agli utenti di discutere le modifiche e tenere traccia dei commenti all&#8217;interno del testo. Il software per fogli di calcolo Excel 2013 offre consigli per le migliori opzioni di creazione di grafici. E PowerPoint 2013 consente a un utente di navigare tra le diapositive in una presentazione mostrando al pubblico solo la diapositiva corrente. Outlook 2013 ha risposte in linea per semplificare l&#8217;elaborazione della posta elettronica e consente inoltre agli utenti di visualizzare pi\u00f9 contatti e le loro connessioni ai social network in un&#8217;unica visualizzazione su &#8220;schede persone&#8221;. OneNote 2013 sfrutta le funzionalit\u00e0 del touch screen per semplificare la presa di appunti.<\/p>\n<h4>Requisiti di sistema:<\/h4>\n<ul>\n<li style=\"list-style-type: none;\">\n<ul>\n<li>Processore a 2 core da 1,4 GHz<\/li>\n<li>Microsoft Windows 7, Microsoft Windows 8, Microsoft Windows 10<\/li>\n<li>1 GB (32 bit), 2 GB (64 bit) di RAM<\/li>\n<li>3 GB di spazio disponibile su disco rigido<\/li>\n<li>Scheda grafica DirectX 9 per l&#8217;utilizzo dell&#8217;accelerazione hardware grafica<\/li>\n<\/ul>\n<\/li>\n<\/ul>\n<p><strong>Assistenza:<\/strong><\/p>\n<p class=\" translation-block\">Per qualsiasi domanda, non esitare a contattarci all&#8217;indirizzo <a href=\"mailto:italy@windowsandoffice.com\" target=\"_self\" rel=\"noopener\">italy@windowsandoffice.com<\/a>. Il nostro servizio clienti \u00e8 disponibile 7 giorni su 7, 24 ore su 24.<\/p>\n","protected":false},"excerpt":{"rendered":"<ul>\n<li>Microsoft Office 2013 Professional Plus Licenza per 3PC<\/li>\n<li><strong>Con questa licenza il software pu\u00f2 essere attivato su 3\u00a0dispositivi diversi<\/strong>, ad esempio il PC di casa, il notebook e il PC di lavoro.<\/li>\n<li><strong>Garanzia di sostituzione a vita!!!<\/strong><\/li>\n<li>Disponibili versioni per sistemi a 32 e 64 bit<\/li>\n<li>Invio email: codice prodotto, istruzioni, link per il download, fattura<\/li>\n<li>Download istantaneo!<\/li>\n<li>Nessun limite di tempo, nessun abbonamento<\/li>\n<li>Supporto gratuito durante l\u2019installazione e l\u2019attivazione<\/li>\n<li>Non disponibile su supporto fisico (USB, CD, ecc.)<\/li>\n<li>Attivazione online e telefonicamente<\/li>\n<li><strong><span style=\"color: #008000;\">Questo prodotto \u00e8 compatibile con Microsoft Windows.<\/span><\/strong><\/li>\n<li><strong><span style=\"color: #ff0000;\">NON compatibile con Apple macOS\u2122, processori Apple, Parallels per Mac, dispositivi Android e Chromebook.<\/span><\/strong><\/li>\n<\/ul>\n","protected":false},"featured_media":100000115823,"comment_status":"closed","ping_status":"closed","template":"","meta":{"_acf_changed":false},"product_brand":[],"product_cat":[246],"product_tag":[295,296,297,251],"class_list":{"0":"post-165784","1":"product","2":"type-product","3":"status-publish","4":"has-post-thumbnail","6":"product_cat-microsoft-office","7":"product_tag-microsoft-office-2013","8":"product_tag-microsoft-office-2013-professional-plus","9":"product_tag-microsoft-office-2013-professional-plus-licenza-per-3-pc","10":"product_tag-ms-office","12":"first","13":"instock","14":"sale","15":"virtual","16":"taxable","17":"purchasable","18":"product-type-simple"},"acf":[],"_links":{"self":[{"href":"https:\/\/keyshop.windowsandoffice.com\/italy\/wp-json\/wp\/v2\/product\/165784","targetHints":{"allow":["GET"]}}],"collection":[{"href":"https:\/\/keyshop.windowsandoffice.com\/italy\/wp-json\/wp\/v2\/product"}],"about":[{"href":"https:\/\/keyshop.windowsandoffice.com\/italy\/wp-json\/wp\/v2\/types\/product"}],"replies":[{"embeddable":true,"href":"https:\/\/keyshop.windowsandoffice.com\/italy\/wp-json\/wp\/v2\/comments?post=165784"}],"wp:featuredmedia":[{"embeddable":true,"href":"https:\/\/keyshop.windowsandoffice.com\/italy\/wp-json\/"}],"wp:attachment":[{"href":"https:\/\/keyshop.windowsandoffice.com\/italy\/wp-json\/wp\/v2\/media?parent=165784"}],"wp:term":[{"taxonomy":"product_brand","embeddable":true,"href":"https:\/\/keyshop.windowsandoffice.com\/italy\/wp-json\/wp\/v2\/product_brand?post=165784"},{"taxonomy":"product_cat","embeddable":true,"href":"https:\/\/keyshop.windowsandoffice.com\/italy\/wp-json\/wp\/v2\/product_cat?post=165784"},{"taxonomy":"product_tag","embeddable":true,"href":"https:\/\/keyshop.windowsandoffice.com\/italy\/wp-json\/wp\/v2\/product_tag?post=165784"}],"curies":[{"name":"wp","href":"https:\/\/api.w.org\/{rel}","templated":true}]}}