{"id":165774,"date":"2026-01-15T17:56:05","date_gmt":"2026-01-15T16:56:05","guid":{"rendered":"https:\/\/keyshop.windowsandoffice.com\/italy\/?post_type=product&#038;p=165774"},"modified":"2026-01-21T09:27:12","modified_gmt":"2026-01-21T08:27:12","slug":"microsoft-windows-11-professional-microsoft-office-2019-standard-licenza-per-3pc","status":"publish","type":"product","link":"https:\/\/keyshop.windowsandoffice.com\/italy\/product\/microsoft-windows-11-professional-microsoft-office-2019-standard-licenza-per-3pc\/","title":{"rendered":"Microsoft Windows 11 Professional + Microsoft Office 2019 Standard Licenza per 3PC"},"content":{"rendered":"<div id=\"primaryR2\" data-grid=\"container\" data-region-key=\"primaryr2\" data-m=\"{&quot;cN&quot;:&quot;primaryR2 1&quot;,&quot;cT&quot;:&quot;Region_coreui-region&quot;,&quot;id&quot;:&quot;r2a2&quot;,&quot;sN&quot;:2,&quot;aN&quot;:&quot;a2&quot;}\">\n<div id=\"coreui-banner-l03vzh8\" data-m=\"{&quot;cN&quot;:&quot;R2Banner 1&quot;,&quot;cT&quot;:&quot;Module_coreui-banner&quot;,&quot;id&quot;:&quot;m1r2a2&quot;,&quot;sN&quot;:1,&quot;aN&quot;:&quot;r2a2&quot;}\" data-module-id=\"WDG-Microsoft Windows|primaryR2|coreui-region|coreui-banner-l03vzh8|coreui-banner\">\n<div class=\"m-rich-content-block context-ucx\" data-grid=\"col-12\">\n<h3><strong>Microsoft Windows 11 Professional Licenza per 3 PC<\/strong><\/h3>\n<p><strong>Con questa licenza il software pu\u00f2 essere attivato su 3\u00a0dispositivi diversi, ad esempio il PC di casa, il notebook e il PC di lavoro.<\/strong><\/p>\n<p><strong>Garanzia di sostituzione a vita!!!<\/strong><\/p>\n<p>Requisiti di sistema<\/p>\n<p>&nbsp;<\/p>\n<table style=\"width: 100%;height: 520px\">\n<tbody>\n<tr style=\"height: 72px\">\n<td style=\"height: 72px;width: 31.8182%\"><strong>Processore:<\/strong><\/td>\n<td style=\"height: 72px;width: 68.0303%\">Frequenza di 1 gigahertz (GHz) o superiore con 2 o pi\u00f9 core su un <strong>processore a 64 bit supportato<\/strong> o &#8220;System on a Chip&#8221; (SoC)<\/td>\n<\/tr>\n<tr style=\"height: 24px\">\n<td style=\"height: 24px;width: 31.8182%\"><strong>RAM:<\/strong><\/td>\n<td style=\"height: 24px;width: 68.0303%\">4 gigabyte (GB)<\/td>\n<\/tr>\n<tr style=\"height: 112px\">\n<td style=\"height: 112px;width: 31.8182%\"><strong>Archiviazione:<\/strong><\/td>\n<td style=\"height: 112px;width: 68.0303%\">Dispositivo di archiviazione da 64 GB o pi\u00f9 grande.<\/p>\n<p>Nota: vedi &#8220;Scopri di pi\u00f9 sullo spazio di archiviazione necessario per mantenere aggiornato Microsoft Windows 11&#8221;<\/td>\n<\/tr>\n<tr style=\"height: 48px\">\n<td style=\"height: 48px;width: 31.8182%\"><strong>Firmware di sistema:<\/strong><\/td>\n<td style=\"height: 48px;width: 68.0303%\">Avrai bisogno di un computer con UEFI e compatibile con l&#8217;avvio protetto.<\/td>\n<\/tr>\n<tr style=\"height: 72px\">\n<td style=\"height: 72px;width: 31.8182%\"><strong>TPM:<\/strong><\/td>\n<td style=\"height: 72px;width: 68.0303%\">Trusted Platform Module (TPM) versione 2.0 (che dal 2016 \u00e8 obbligatorio per l&#8217;hardware di qualsiasi computer Microsoft Windows)<\/td>\n<\/tr>\n<tr style=\"height: 48px\">\n<td style=\"height: 48px;width: 31.8182%\"><strong>Scheda grafica:<\/strong><\/td>\n<td style=\"height: 48px;width: 68.0303%\">Compatibile con DirectX 12 o versione successiva con il driver WDDM 2.0.<\/td>\n<\/tr>\n<tr style=\"height: 48px\">\n<td style=\"height: 48px;width: 31.8182%\"><strong>Visualizzazione:<\/strong><\/td>\n<td style=\"width: 68.0303%\" width=\"434\">Schermo di un minimo di 9 pollici in diagonale, con 720p di alta definizione e canale di 8 bit per colore.<\/td>\n<\/tr>\n<tr style=\"height: 72px\">\n<td style=\"height: 72px;width: 31.8182%\"><strong>Connettivit\u00e0 Internet e account Microsoft:<\/strong><\/td>\n<td style=\"height: 72px;width: 68.0303%\">Dovrai disporre di un account Microsoft e dovrai essere connesso a Internet per la configurazione iniziale e gli eventuali aggiornamenti.<\/td>\n<\/tr>\n<\/tbody>\n<\/table>\n<p><strong>\u00a0<\/strong><\/p>\n<p><strong><span style=\"font-size: 18pt\">Microsoft Office 2019 Standard Licenza per 3 PC<\/span><\/strong><\/p>\n<p><strong>Con questa licenza il software pu\u00f2 essere attivato su 3\u00a0dispositivi diversi, ad esempio il PC di casa, il notebook e il PC di lavoro.<\/strong><\/p>\n<p><strong>Garanzia di sostituzione a vita!!!<\/strong><\/p>\n<p>Con Microsoft Office 2019 Standard, ottieni una soluzione per ufficio moderna da Microsoft. La versione classica delle migliori applicazioni per ufficio al mondo copre tutte le tue esigenze quotidiane. Le versioni Web di Word, OneNote, Excel e PowerPoint consentono un facile accesso da qualsiasi luogo.<\/p>\n<p><strong>Tutto ci\u00f2 di cui hai bisogno a colpo d&#8217;occhio:<\/strong><\/p>\n<ul>\n<li><strong>Word 2019<\/strong>: Per creare e modificare i tuoi testi e documenti<\/li>\n<li><strong>Excel 2019<\/strong>: Per modificare i record in forma tabulare<\/li>\n<li><strong>PowerPoint 2019<\/strong>: Per creare presentazioni accattivanti<\/li>\n<li><strong>Outlook 2019<\/strong>: Per gestire e-mail, contatti, appuntamenti e attivit\u00e0<\/li>\n<li><strong>Publisher 2019<\/strong>: Per creare facilmente post dall&#8217;aspetto professionale<\/li>\n<\/ul>\n<p>OneNote non fa pi\u00f9 parte del pacchetto Microsoft Office, ma \u00e8 disponibile come app standard in Microsoft Windows 10, che \u00e8 un prerequisito per l&#8217;uso di Microsoft Office 2019. <strong>Le versioni precedenti di Microsoft Windows non sono supportate.<\/strong><\/p>\n<p><strong>Utilizzare il tempo in modo pi\u00f9 efficace con un programma di smart mail<\/strong><\/p>\n<p>La posta in arrivo trabocca rapidamente di e-mail e spam non importanti. Ci\u00f2 significa che tu o i tuoi dipendenti non potete lavorare in modo efficiente e il tempo \u00e8 sprecato. Microsoft Outlook 2019 \u00e8 stato ulteriormente sviluppato ed \u00e8 stata aggiunta una funzionalit\u00e0 per il programma per riconoscere anche le e-mail irrilevanti e classificarle immediatamente. Ci\u00f2 significa che la tua casella di posta \u00e8 pi\u00f9 chiara e puoi occuparti delle attivit\u00e0 davvero importanti.<\/p>\n<p><strong>Assistenza:<\/strong><\/p>\n<p class=\" translation-block\">Per qualsiasi domanda, non esitare a contattarci all&#8217;indirizzo <a href=\"mailto:italy@windowsandoffice.com\" target=\"_self\" rel=\"noopener\">italy@windowsandoffice.com<\/a>. Il nostro servizio clienti \u00e8 disponibile 7 giorni su 7, 24 ore su 24.<\/p>\n<\/div>\n<\/div>\n<\/div>\n","protected":false},"excerpt":{"rendered":"<ul>\n<li><strong>Microsoft Windows Microsoft Office 2019 Standard + Microsoft Windows 11 Professional Licenza per 3 PC<br \/>\n<\/strong><\/li>\n<li><strong>Con questa licenza il software pu\u00f2 essere attivato su 3\u00a0dispositivi diversi<\/strong>, ad esempio il PC di casa, il notebook e il PC di lavoro.<\/li>\n<li><strong>Garanzia di sostituzione a vita!!!<\/strong><\/li>\n<li>Disponibili versioni per sistemi a 32 e 64 bit<\/li>\n<li>Invio email: codice prodotto, istruzioni, link per il download, fattura<\/li>\n<li>Download istantaneo!<\/li>\n<li>Nessun limite di tempo, nessun abbonamento<\/li>\n<li>Supporto gratuito durante l\u2019installazione e l\u2019attivazione<\/li>\n<li>Non disponibile su supporto fisico (USB, CD, ecc.)<\/li>\n<li>Attivazione online e telefonicamente<\/li>\n<li><strong><span style=\"color: #008000\">Questo prodotto \u00e8 compatibile con Microsoft Windows.<\/span><\/strong><\/li>\n<li><strong><span style=\"color: #ff0000\">NON compatibile con Apple macOS\u2122, processori Apple, Parallels per Mac, dispositivi Android e Chromebook.<\/span><\/strong><\/li>\n<\/ul>\n","protected":false},"featured_media":100000165725,"comment_status":"closed","ping_status":"closed","template":"","meta":{"_acf_changed":false},"product_brand":[],"product_cat":[264,259],"product_tag":[271,272],"class_list":{"0":"post-165774","1":"product","2":"type-product","3":"status-publish","4":"has-post-thumbnail","6":"product_cat-combo","7":"product_cat-microsoft-windows","8":"product_tag-microsoft-office-2019-standard-microsoft-windows-11-pro","9":"product_tag-microsoft-office-2019-standard-microsoft-windows-11-pro-licenza-per-3-pc","11":"first","12":"instock","13":"sale","14":"virtual","15":"taxable","16":"purchasable","17":"product-type-simple"},"acf":[],"_links":{"self":[{"href":"https:\/\/keyshop.windowsandoffice.com\/italy\/wp-json\/wp\/v2\/product\/165774","targetHints":{"allow":["GET"]}}],"collection":[{"href":"https:\/\/keyshop.windowsandoffice.com\/italy\/wp-json\/wp\/v2\/product"}],"about":[{"href":"https:\/\/keyshop.windowsandoffice.com\/italy\/wp-json\/wp\/v2\/types\/product"}],"replies":[{"embeddable":true,"href":"https:\/\/keyshop.windowsandoffice.com\/italy\/wp-json\/wp\/v2\/comments?post=165774"}],"wp:featuredmedia":[{"embeddable":true,"href":"https:\/\/keyshop.windowsandoffice.com\/italy\/wp-json\/"}],"wp:attachment":[{"href":"https:\/\/keyshop.windowsandoffice.com\/italy\/wp-json\/wp\/v2\/media?parent=165774"}],"wp:term":[{"taxonomy":"product_brand","embeddable":true,"href":"https:\/\/keyshop.windowsandoffice.com\/italy\/wp-json\/wp\/v2\/product_brand?post=165774"},{"taxonomy":"product_cat","embeddable":true,"href":"https:\/\/keyshop.windowsandoffice.com\/italy\/wp-json\/wp\/v2\/product_cat?post=165774"},{"taxonomy":"product_tag","embeddable":true,"href":"https:\/\/keyshop.windowsandoffice.com\/italy\/wp-json\/wp\/v2\/product_tag?post=165774"}],"curies":[{"name":"wp","href":"https:\/\/api.w.org\/{rel}","templated":true}]}}