{"id":165770,"date":"2026-01-15T17:56:05","date_gmt":"2026-01-15T16:56:05","guid":{"rendered":"https:\/\/keyshop.windowsandoffice.com\/italy\/?post_type=product&#038;p=165770"},"modified":"2026-01-21T09:24:17","modified_gmt":"2026-01-21T08:24:17","slug":"microsoft-windows-10-professional-microsoft-office-2019-professional-plus-licenza-per-3pc","status":"publish","type":"product","link":"https:\/\/keyshop.windowsandoffice.com\/italy\/product\/microsoft-windows-10-professional-microsoft-office-2019-professional-plus-licenza-per-3pc\/","title":{"rendered":"Microsoft Windows 10 Professional + Microsoft Office 2019 Professional Plus Licenza per 3PC"},"content":{"rendered":"<h3><strong>Microsoft Office 2019 Professional Plus + Microsoft Windows 10 Professional Licenza per 3 PC<\/strong><\/h3>\n<p><strong>Con questa licenza il software pu\u00f2 essere attivato su 3\u00a0dispositivi diversi, ad esempio il PC di casa, il notebook e il PC di lavoro.<\/strong><\/p>\n<p><strong>Garanzia di sostituzione a vita!!!<\/strong><\/p>\n<p>Risparmia tempo e denaro con la nostra combinazione Microsoft delle ultime versioni di Microsoft Office e Microsoft Windows. soluzioni di produttivit\u00e0 per i leader mondiali. La confezione contiene i seguenti prodotti:<\/p>\n<ul>\n<li><strong>Microsoft Windows 10 Professional <\/strong>: il sistema operativo pi\u00f9 sicuro e affidabile con il tuo assistente personale Cortana<\/li>\n<li><strong>Microsoft Office 2019 Professional Plus <\/strong>: la suite di software per Microsoft Office pi\u00f9 completa<\/li>\n<\/ul>\n<p><strong>Microsoft Windows 10 Professional Licenza per 3 PC<\/strong><\/p>\n<p><strong>Garanzia di sostituzione a vita!!!<\/strong><\/p>\n<p>Con Microsoft Windows 10 Professional ottieni un sistema operativo affidabile sul tuo dispositivo. Beneficia di un avvio pi\u00f9 rapido del sistema operativo, di un menu di avvio familiare ma migliorato e di nuovi modi per eseguire rapidamente le operazioni. Avrai anche nuove funzionalit\u00e0 come un nuovo browser per aiutarti a navigare sul Web e il tuo assistente digitale personale Cortana. Cortana \u00e8 il tuo assistente digitale personale che ti segue su tutti i tuoi dispositivi Microsoft Windows 10 e ti aiuta nelle tue attivit\u00e0 quotidiane. Cortana impara di pi\u00f9 su di te nel tempo e pu\u00f2 aiutarti ogni giorno meglio. Microsoft Windows 10 Professional ti aiuta in modo ottimale in tutto ci\u00f2 che fai.<\/p>\n<p><strong>Microsoft Office 2019 Professional Plus Licenza per 3 PC<\/strong><\/p>\n<p><strong>Garanzia di sostituzione a vita!!!<\/strong><\/p>\n<p>Scegli oggi Microsoft Office 2019 Professional Plus e riceverai la soluzione per ufficio pi\u00f9 aggiornata e moderna di Microsoft. Oltre alle app tradizionali, ottieni automaticamente l&#8217;accesso alle app basate su browser e a Skype for Business. Con una comunicazione semplificata, puoi lavorare in modo pi\u00f9 efficace con gli altri.<\/p>\n<p>Tutto ci\u00f2 di cui hai bisogno a colpo d&#8217;occhio:<\/p>\n<ul>\n<li><strong>Word 2019 <\/strong>\u2013 Per la creazione e la modifica dei tuoi testi e documenti<\/li>\n<li><strong>Excel 2019 <\/strong>\u2013 Per elaborare i record di dati in forma tabellare<\/li>\n<li><strong>PowerPoint 2019 <\/strong>\u2013 Per creare presentazioni stimolanti<\/li>\n<li><strong>Outlook 2019<\/strong> \u2013 Per gestire e-mail, contatti, orari e attivit\u00e0<\/li>\n<li><strong>Publisher 2019<\/strong> \u2013 Per creare facilmente pubblicazioni dall&#8217;aspetto professionale<\/li>\n<li><strong>Access 2019<\/strong> \u2013 Per la creazione di banche dati con accesso a Internet<\/li>\n<li><strong>Lync 2019<\/strong> (Skype for Business): Per una maggiore produttivit\u00e0 attraverso la messaggistica istantanea e una facile comunicazione e collaborazione con le videoconferenze HD<\/li>\n<li><strong>Applicazioni Web<\/strong> (Word, Excel, PowerPoint)<\/li>\n<\/ul>\n<p>OneNote non fa pi\u00f9 parte della suite Microsoft Office, \u00e8 ora incluso nel sistema operativo Microsoft Windows 10, necessario per utilizzare Microsoft Office 2021. <strong>Le versioni precedenti di Microsoft Windows non sono supportate.<\/strong><\/p>\n<p><strong>Assistenza:<\/strong><\/p>\n<p class=\" translation-block\">Per qualsiasi domanda, non esitare a contattarci all&#8217;indirizzo <a href=\"mailto:italy@windowsandoffice.com\" target=\"_self\" rel=\"noopener\">italy@windowsandoffice.com<\/a>. Il nostro servizio clienti \u00e8 disponibile 7 giorni su 7, 24 ore su 24.<\/p>\n","protected":false},"excerpt":{"rendered":"<ul>\n<li><strong>Microsoft Windows 10 Professional &amp; Microsoft Office 2019 Professional Plus Licenza per 3 PC<\/strong><\/li>\n<li><strong>Con questa licenza il software pu\u00f2 essere attivato su 3\u00a0dispositivi diversi<\/strong>, ad esempio il PC di casa, il notebook e il PC di lavoro.<\/li>\n<li><strong>Garanzia di sostituzione a vita!!!<\/strong><\/li>\n<li>Disponibili versioni per sistemi a 32 e 64 bit<\/li>\n<li>Invio email: codice prodotto, istruzioni, link per il download, fattura<\/li>\n<li>Download istantaneo!<\/li>\n<li>Nessun limite di tempo, nessun abbonamento<\/li>\n<li>Supporto gratuito durante l\u2019installazione e l\u2019attivazione<\/li>\n<li>Non disponibile su supporto fisico (USB, CD, ecc.)<\/li>\n<li>Attivazione online e telefonicamente<\/li>\n<li><strong><span style=\"color: #008000\">Questo prodotto \u00e8 compatibile con Microsoft Windows.<\/span><\/strong><\/li>\n<li><strong><span style=\"color: #ff0000\">NON compatibile con Apple macOS\u2122, processori Apple, Parallels per Mac, dispositivi Android e Chromebook.<\/span><\/strong><\/li>\n<\/ul>\n","protected":false},"featured_media":100000115824,"comment_status":"closed","ping_status":"closed","template":"","meta":{"_acf_changed":false},"product_brand":[],"product_cat":[246,259],"product_tag":[260,261],"class_list":{"0":"post-165770","1":"product","2":"type-product","3":"status-publish","4":"has-post-thumbnail","6":"product_cat-microsoft-office","7":"product_cat-microsoft-windows","8":"product_tag-microsoft-office-2019-professional-plus-windows-10-professional","9":"product_tag-microsoft-office-2019-professional-plus-windows-10-professional-licenza-per-3-pc","11":"first","12":"instock","13":"sale","14":"virtual","15":"taxable","16":"purchasable","17":"product-type-simple"},"acf":[],"_links":{"self":[{"href":"https:\/\/keyshop.windowsandoffice.com\/italy\/wp-json\/wp\/v2\/product\/165770","targetHints":{"allow":["GET"]}}],"collection":[{"href":"https:\/\/keyshop.windowsandoffice.com\/italy\/wp-json\/wp\/v2\/product"}],"about":[{"href":"https:\/\/keyshop.windowsandoffice.com\/italy\/wp-json\/wp\/v2\/types\/product"}],"replies":[{"embeddable":true,"href":"https:\/\/keyshop.windowsandoffice.com\/italy\/wp-json\/wp\/v2\/comments?post=165770"}],"wp:featuredmedia":[{"embeddable":true,"href":"https:\/\/keyshop.windowsandoffice.com\/italy\/wp-json\/"}],"wp:attachment":[{"href":"https:\/\/keyshop.windowsandoffice.com\/italy\/wp-json\/wp\/v2\/media?parent=165770"}],"wp:term":[{"taxonomy":"product_brand","embeddable":true,"href":"https:\/\/keyshop.windowsandoffice.com\/italy\/wp-json\/wp\/v2\/product_brand?post=165770"},{"taxonomy":"product_cat","embeddable":true,"href":"https:\/\/keyshop.windowsandoffice.com\/italy\/wp-json\/wp\/v2\/product_cat?post=165770"},{"taxonomy":"product_tag","embeddable":true,"href":"https:\/\/keyshop.windowsandoffice.com\/italy\/wp-json\/wp\/v2\/product_tag?post=165770"}],"curies":[{"name":"wp","href":"https:\/\/api.w.org\/{rel}","templated":true}]}}