{"id":165769,"date":"2026-01-15T17:56:05","date_gmt":"2026-01-15T16:56:05","guid":{"rendered":"https:\/\/keyshop.windowsandoffice.com\/italy\/?post_type=product&#038;p=165769"},"modified":"2026-01-16T08:38:33","modified_gmt":"2026-01-16T07:38:33","slug":"microsoft-office-2019-professional-plus-licenza-per-3pc","status":"publish","type":"product","link":"https:\/\/keyshop.windowsandoffice.com\/italy\/product\/microsoft-office-2019-professional-plus-licenza-per-3pc\/","title":{"rendered":"Microsoft Office 2019 Professional Plus Licenza per 3PC"},"content":{"rendered":"<h3>Microsoft Office 2019 Professional Plus Licenza per 3 PC<\/h3>\n<p><strong>Con questa licenza il software pu\u00f2 essere attivato su 3\u00a0dispositivi diversi, ad esempio il PC di casa, il notebook e il PC di lavoro.<\/strong><\/p>\n<p><strong>Garanzia di sostituzione a vita!!!<\/strong><\/p>\n<p>Scegli oggi Microsoft Office 2019 Professional Plus e riceverai la soluzione per ufficio pi\u00f9 recente e moderna di Microsoft. Oltre alle app tradizionali, ottieni automaticamente l&#8217;accesso alle app basate su browser e a Skype for Business. Con una comunicazione semplificata, puoi lavorare in modo pi\u00f9 efficace con gli altri.<\/p>\n<p><strong>Tutto ci\u00f2 di cui hai bisogno a colpo d&#8217;occhio:<\/strong><\/p>\n<ul>\n<li><strong>Word 2019 <\/strong>\u2013 Per la creazione e la modifica dei tuoi testi e documenti<\/li>\n<li><strong>Excel 2019 <\/strong>\u2013 Per elaborare i record di dati in forma tabellare<\/li>\n<li><strong>PowerPoint 2019 <\/strong>\u2013 Per creare presentazioni stimolanti<\/li>\n<li><strong>Outlook 2019<\/strong> \u2013 Per gestire e-mail, contatti, orari e attivit\u00e0<\/li>\n<li><strong>Publisher 2019<\/strong> \u2013 Per creare facilmente pubblicazioni dall&#8217;aspetto professionale<\/li>\n<li><strong>Access 2019<\/strong> \u2013 Per la creazione di banche dati con accesso a Internet<\/li>\n<li><strong>Lync 2019<\/strong> (Skype for Business): per una maggiore produttivit\u00e0 attraverso la messaggistica istantanea e una facile comunicazione e collaborazione con le videoconferenze HD<\/li>\n<li><strong>Applicazioni Web<\/strong> (Word, Excel, PowerPoint)<\/li>\n<\/ul>\n<p>OneNote non fa pi\u00f9 parte della suite Microsoft Office, \u00e8 ora incluso nel sistema operativo Microsoft Windows 10, necessario per utilizzare Microsoft Office 2021. <strong>Le versioni precedenti di Microsoft Windows non sono supportate.<\/strong><\/p>\n<p><strong>Lavoro di squadra<\/strong><\/p>\n<p>Lavorare insieme \u00e8 un&#8217;innovazione importante e cruciale nella suite Microsoft Office. I tuoi dipendenti possono modificare un file o continuare a lavorare sul documento allo stesso tempo. Questa opzione \u00e8 disponibile per tutti i componenti di Microsoft Office, da Word a Excel e da PowerPoint a OneNote. I file devono essere salvati solo in SharePoint Online, OneDrive o OneDrive for Business e inviati ai dipendenti appropriati. Il rilascio \u00e8 molto semplice tramite un pulsante nel programma.<\/p>\n<p>Skype for Business \u00e8 un altro strumento della suite Microsoft Office 2019 Pro Plus che promuove la collaborazione. Gli utenti possono visualizzare a colpo d&#8217;occhio lo stato online dei membri del team e avviare una chat, una chiamata Internet, una conversazione di gruppo o un flusso video, se necessario.<\/p>\n<p><strong>Utilizza il tempo in modo pi\u00f9 efficace con un programma di posta elettronica intelligente<\/strong><\/p>\n<p>La tua casella di posta si riempie rapidamente di posta e spam non importanti. questo significa che tu o i tuoi dipendenti non potete lavorare in modo efficiente e il tempo \u00e8 sprecato. Microsoft Outlook 2019 \u00e8 stato ulteriormente sviluppato ed esteso per includere la funzione &#8220;Clutter&#8221; affinch\u00e9 il programma stesso rilevi le email irrilevanti e le classifichi immediatamente. Questo rende la tua casella di posta pi\u00f9 chiara e ti avvicina alle attivit\u00e0 davvero importanti.<\/p>\n<p><strong>Sicurezza migliorata per il tuo ufficio digitale<\/strong><\/p>\n<p>Un&#8217;altra innovazione \u00e8 una maggiore sicurezza con la &#8220;Prevenzione della perdita di dati&#8221;. Ora \u00e8 pi\u00f9 facile controllare all&#8217;interno dei programmi quali informazioni possono essere incorporate nei documenti e trasmesse. Gli amministratori hanno anche la possibilit\u00e0 di bloccare o limitare l&#8217;accesso a determinati dati. Inoltre, gli utenti vengono informati del rischio di perdita di dati tramite notifiche di potenziali rischi. Grazie a servizi cloud come OneDrive, i tuoi dati non vanno persi anche se un server o un dispositivo si guasta. Puoi accedere e modificare facilmente i file da qualsiasi parte del mondo.<\/p>\n<p><strong>Requisiti di sistema:<br \/>\n<\/strong><\/p>\n<ul>\n<li>Processore a 2 core da 1,6 GHz<\/li>\n<li>Sistema operativo Microsoft Windows 10<\/li>\n<li>2 GB (32 bit), 4 GB (64 bit) RAM<\/li>\n<li>4 GB di spazio disponibile su disco<\/li>\n<li>Scheda grafica DirectX 10 per utilizzare l&#8217;accelerazione hardware grafica<\/li>\n<\/ul>\n<p><strong>Assistenza:<\/strong><\/p>\n<p class=\" translation-block\">Per qualsiasi domanda, non esitare a contattarci all&#8217;indirizzo <a href=\"mailto:italy@windowsandoffice.com\" target=\"_self\" rel=\"noopener\">italy@windowsandoffice.com<\/a>. Il nostro servizio clienti \u00e8 disponibile 7 giorni su 7, 24 ore su 24.<\/p>\n","protected":false},"excerpt":{"rendered":"<ul>\n<li>Microsoft Windows Microsoft Office 2019 Professional Plus Licenza per 3 PC<strong><br \/>\n<\/strong><\/li>\n<li><strong>Con questa licenza il software pu\u00f2 essere attivato su 3\u00a0dispositivi diversi<\/strong>, ad esempio il PC di casa, il notebook e il PC di lavoro.<\/li>\n<li><strong>Garanzia di sostituzione a vita!!!<\/strong><\/li>\n<li>Disponibili versioni per sistemi a 32 e 64 bit<\/li>\n<li>Invio email: codice prodotto, istruzioni, link per il download, fattura<\/li>\n<li>Download istantaneo!<\/li>\n<li>Nessun limite di tempo, nessun abbonamento<\/li>\n<li>Supporto gratuito durante l\u2019installazione e l\u2019attivazione<\/li>\n<li>Non disponibile su supporto fisico (USB, CD, ecc.)<\/li>\n<li>Attivazione online e telefonicamente<\/li>\n<li><strong><span style=\"color: #008000;\">Questo prodotto \u00e8 compatibile con Microsoft Windows.<\/span><\/strong><\/li>\n<li><strong><span style=\"color: #ff0000;\">NON compatibile con Apple macOS\u2122, processori Apple, Parallels per Mac, dispositivi Android e Chromebook.<\/span><\/strong><\/li>\n<\/ul>\n","protected":false},"featured_media":100000115821,"comment_status":"closed","ping_status":"closed","template":"","meta":{"_acf_changed":false},"product_brand":[],"product_cat":[246],"product_tag":[254,257,258,251],"class_list":{"0":"post-165769","1":"product","2":"type-product","3":"status-publish","4":"has-post-thumbnail","6":"product_cat-microsoft-office","7":"product_tag-microsoft-office-2019","8":"product_tag-microsoft-office-2019-professional-plus","9":"product_tag-microsoft-office-2019-professional-plus-licenza-per-3-pc","10":"product_tag-ms-office","12":"first","13":"instock","14":"sale","15":"virtual","16":"taxable","17":"purchasable","18":"product-type-simple"},"acf":[],"_links":{"self":[{"href":"https:\/\/keyshop.windowsandoffice.com\/italy\/wp-json\/wp\/v2\/product\/165769","targetHints":{"allow":["GET"]}}],"collection":[{"href":"https:\/\/keyshop.windowsandoffice.com\/italy\/wp-json\/wp\/v2\/product"}],"about":[{"href":"https:\/\/keyshop.windowsandoffice.com\/italy\/wp-json\/wp\/v2\/types\/product"}],"replies":[{"embeddable":true,"href":"https:\/\/keyshop.windowsandoffice.com\/italy\/wp-json\/wp\/v2\/comments?post=165769"}],"wp:featuredmedia":[{"embeddable":true,"href":"https:\/\/keyshop.windowsandoffice.com\/italy\/wp-json\/"}],"wp:attachment":[{"href":"https:\/\/keyshop.windowsandoffice.com\/italy\/wp-json\/wp\/v2\/media?parent=165769"}],"wp:term":[{"taxonomy":"product_brand","embeddable":true,"href":"https:\/\/keyshop.windowsandoffice.com\/italy\/wp-json\/wp\/v2\/product_brand?post=165769"},{"taxonomy":"product_cat","embeddable":true,"href":"https:\/\/keyshop.windowsandoffice.com\/italy\/wp-json\/wp\/v2\/product_cat?post=165769"},{"taxonomy":"product_tag","embeddable":true,"href":"https:\/\/keyshop.windowsandoffice.com\/italy\/wp-json\/wp\/v2\/product_tag?post=165769"}],"curies":[{"name":"wp","href":"https:\/\/api.w.org\/{rel}","templated":true}]}}